{"id":67,"date":"2013-05-25T13:22:40","date_gmt":"2013-05-25T11:22:40","guid":{"rendered":"http:\/\/obst-gartenbau.bplaced.net\/wordpress\/?page_id=67"},"modified":"2018-09-12T08:50:07","modified_gmt":"2018-09-12T06:50:07","slug":"vereinschronik","status":"publish","type":"page","link":"https:\/\/oglv-inneringen.de\/?page_id=67","title":{"rendered":"Vereinschronik"},"content":{"rendered":"<p><span style=\"font-family: verdana,geneva; font-size: 16px;\">Am 13. Januar 1908 wurde in Inneringen der Obstbauverein gegr\u00fcndet.<\/span><\/p>\n<p><span style=\"font-family: verdana,geneva; font-size: 16px;\">Hauptaufgabe in dieser Zeit:<\/span><\/p>\n<ul>\n<li><span style=\"font-family: verdana,geneva; font-size: 16px;\">F\u00f6rderung des Obstanbaus<\/span><\/li>\n<li><span style=\"font-family: verdana,geneva; font-size: 16px;\">Beratung und Mithilfe bei der Sch\u00e4dlingsbek\u00e4mpfung<\/span><\/li>\n<li><span style=\"font-family: verdana,geneva; font-size: 16px;\">Anschaffung und Betrieb einer gemeinsamen Moste, die bis Mitte der 50iger Jahre im Einsatz war.<\/span><\/li>\n<\/ul>\n<p><span style=\"font-family: verdana,geneva; font-size: 16px;\">Im Jahr 1937 wurde erstmals der Name Obst- und Gartenbauverein protokolliert. In den folgenden Jahren gewann der Gartenbau und der Blumenschmuck im Dorf immer mehr an Bedeutung.<\/span><\/p>\n<p><span style=\"font-family: verdana,geneva; font-size: 16px;\">Seit Mitte der 70iger Jahre besch\u00e4ftigt sich der Verein verst\u00e4rkt auch mit der Landschaftspflege, was sich seit dieser Zeit im Vereinsnamen widerspiegelt.<\/span><\/p>\n<p>&nbsp;<\/p>\n<p>&nbsp;<\/p>\n<p>&nbsp;<\/p>\n<p>&nbsp;<\/p>\n","protected":false},"excerpt":{"rendered":"<p>Am 13. Januar 1908 wurde in Inneringen der Obstbauverein gegr\u00fcndet. Hauptaufgabe in dieser Zeit: F\u00f6rderung des Obstanbaus Beratung und Mithilfe bei der Sch\u00e4dlingsbek\u00e4mpfung Anschaffung und Betrieb einer gemeinsamen Moste, die bis Mitte der 50iger Jahre im Einsatz war. Im Jahr 1937 wurde erstmals der Name Obst- und Gartenbauverein protokolliert. In den folgenden Jahren gewann der [&hellip;]<\/p>\n","protected":false},"author":1,"featured_media":0,"parent":9,"menu_order":20,"comment_status":"closed","ping_status":"closed","template":"","meta":{"ngg_post_thumbnail":0,"footnotes":""},"class_list":["post-67","page","type-page","status-publish","hentry"],"_links":{"self":[{"href":"https:\/\/oglv-inneringen.de\/index.php?rest_route=\/wp\/v2\/pages\/67","targetHints":{"allow":["GET"]}}],"collection":[{"href":"https:\/\/oglv-inneringen.de\/index.php?rest_route=\/wp\/v2\/pages"}],"about":[{"href":"https:\/\/oglv-inneringen.de\/index.php?rest_route=\/wp\/v2\/types\/page"}],"author":[{"embeddable":true,"href":"https:\/\/oglv-inneringen.de\/index.php?rest_route=\/wp\/v2\/users\/1"}],"replies":[{"embeddable":true,"href":"https:\/\/oglv-inneringen.de\/index.php?rest_route=%2Fwp%2Fv2%2Fcomments&post=67"}],"version-history":[{"count":2,"href":"https:\/\/oglv-inneringen.de\/index.php?rest_route=\/wp\/v2\/pages\/67\/revisions"}],"predecessor-version":[{"id":1529,"href":"https:\/\/oglv-inneringen.de\/index.php?rest_route=\/wp\/v2\/pages\/67\/revisions\/1529"}],"up":[{"embeddable":true,"href":"https:\/\/oglv-inneringen.de\/index.php?rest_route=\/wp\/v2\/pages\/9"}],"wp:attachment":[{"href":"https:\/\/oglv-inneringen.de\/index.php?rest_route=%2Fwp%2Fv2%2Fmedia&parent=67"}],"curies":[{"name":"wp","href":"https:\/\/api.w.org\/{rel}","templated":true}]}}